[INFO] cloning repository https://github.com/1on/tutorial-geo-rust
[INFO] running `Command { std: "git" "-c" "credential.helper=" "-c" "credential.helper=/workspace/cargo-home/bin/git-credential-null" "clone" "--bare" "https://github.com/1on/tutorial-geo-rust" "/workspace/cache/git-repos/https%3A%2F%2Fgithub.com%2F1on%2Ftutorial-geo-rust", kill_on_drop: false }`
[INFO] [stderr] Cloning into bare repository '/workspace/cache/git-repos/https%3A%2F%2Fgithub.com%2F1on%2Ftutorial-geo-rust'...
[INFO] running `Command { std: "git" "rev-parse" "HEAD", kill_on_drop: false }`
[INFO] [stdout] aee6c44f02adc034f34d14fb6a871168b0d80bfa
[INFO] checking 1on/tutorial-geo-rust against try#72f88fc4e9458f89516a0b8b0868f3718aec5b47 for pr-74989
[INFO] running `Command { std: "git" "clone" "/workspace/cache/git-repos/https%3A%2F%2Fgithub.com%2F1on%2Ftutorial-geo-rust" "/workspace/builds/worker-3/source", kill_on_drop: false }`
[INFO] [stderr] Cloning into '/workspace/builds/worker-3/source'...
[INFO] [stderr] done.
[INFO] validating manifest of git repo https://github.com/1on/tutorial-geo-rust on toolchain 72f88fc4e9458f89516a0b8b0868f3718aec5b47
[INFO] running `Command { std: "/workspace/cargo-home/bin/cargo" "+72f88fc4e9458f89516a0b8b0868f3718aec5b47" "read-manifest" "--manifest-path" "Cargo.toml", kill_on_drop: false }`
[INFO] started tweaking git repo https://github.com/1on/tutorial-geo-rust
[INFO] finished tweaking git repo https://github.com/1on/tutorial-geo-rust
[INFO] tweaked toml for git repo https://github.com/1on/tutorial-geo-rust written to /workspace/builds/worker-3/source/Cargo.toml
[INFO] crate git repo https://github.com/1on/tutorial-geo-rust already has a lockfile, it will not be regenerated
[INFO] running `Command { std: "/workspace/cargo-home/bin/cargo" "+72f88fc4e9458f89516a0b8b0868f3718aec5b47" "fetch" "--locked" "--manifest-path" "Cargo.toml", kill_on_drop: false }`
[INFO] [stderr] error: the lock file /workspace/builds/worker-3/source/Cargo.lock needs to be updated but --locked was passed to prevent this
[INFO] [stderr] If you want to try to generate the lock file without accessing the network, use the --offline flag.
[INFO] the lockfile is outdated, regenerating it
[INFO] running `Command { std: "/workspace/cargo-home/bin/cargo" "+72f88fc4e9458f89516a0b8b0868f3718aec5b47" "generate-lockfile" "--manifest-path" "Cargo.toml" "-Zno-index-update", kill_on_drop: false }`
[INFO] running `Command { std: "/workspace/cargo-home/bin/cargo" "+72f88fc4e9458f89516a0b8b0868f3718aec5b47" "fetch" "--locked" "--manifest-path" "Cargo.toml", kill_on_drop: false }`
[INFO] [stderr]  Downloading crates ...
[INFO] [stderr]   Downloaded phf v0.7.15
[INFO] [stderr]   Downloaded phf_generator v0.7.15
[INFO] [stderr]   Downloaded phf_shared v0.7.15
[INFO] [stderr]   Downloaded postgres v0.11.12
[INFO] [stderr]   Downloaded phf_codegen v0.7.15
[INFO] running `Command { std: "docker" "create" "-v" "/var/lib/crater-agent-workspace/builds/worker-3/target:/opt/rustwide/target:rw,Z" "-v" "/var/lib/crater-agent-workspace/builds/worker-3/source:/opt/rustwide/workdir:ro,Z" "-v" "/var/lib/crater-agent-workspace/cargo-home:/opt/rustwide/cargo-home:ro,Z" "-v" "/var/lib/crater-agent-workspace/rustup-home:/opt/rustwide/rustup-home:ro,Z" "-e" "SOURCE_DIR=/opt/rustwide/workdir" "-e" "CARGO_TARGET_DIR=/opt/rustwide/target" "-e" "CARGO_HOME=/opt/rustwide/cargo-home" "-e" "RUSTUP_HOME=/opt/rustwide/rustup-home" "-w" "/opt/rustwide/workdir" "-m" "1610612736" "--user" "0:0" "--network" "none" "rustops/crates-build-env@sha256:d92eaeed33fa75130ca1ee6c8a01d1ffb62bac859dfdfb3450e3e5d1c0146529" "/opt/rustwide/cargo-home/bin/cargo" "+72f88fc4e9458f89516a0b8b0868f3718aec5b47" "metadata" "--no-deps" "--format-version=1", kill_on_drop: false }`
[INFO] [stderr] WARNING: Your kernel does not support swap limit capabilities or the cgroup is not mounted. Memory limited without swap.
[INFO] [stdout] 04d1e203d3cf0085ae7aa5d224a0ef6aeb173c767127347271c37b7f15254026
[INFO] running `Command { std: "docker" "start" "-a" "04d1e203d3cf0085ae7aa5d224a0ef6aeb173c767127347271c37b7f15254026", kill_on_drop: false }`
[INFO] running `Command { std: "docker" "inspect" "04d1e203d3cf0085ae7aa5d224a0ef6aeb173c767127347271c37b7f15254026", kill_on_drop: false }`
[INFO] running `Command { std: "docker" "rm" "-f" "04d1e203d3cf0085ae7aa5d224a0ef6aeb173c767127347271c37b7f15254026", kill_on_drop: false }`
[INFO] [stdout] 04d1e203d3cf0085ae7aa5d224a0ef6aeb173c767127347271c37b7f15254026
[INFO] running `Command { std: "docker" "create" "-v" "/var/lib/crater-agent-workspace/builds/worker-3/target:/opt/rustwide/target:rw,Z" "-v" "/var/lib/crater-agent-workspace/builds/worker-3/source:/opt/rustwide/workdir:ro,Z" "-v" "/var/lib/crater-agent-workspace/cargo-home:/opt/rustwide/cargo-home:ro,Z" "-v" "/var/lib/crater-agent-workspace/rustup-home:/opt/rustwide/rustup-home:ro,Z" "-e" "SOURCE_DIR=/opt/rustwide/workdir" "-e" "CARGO_TARGET_DIR=/opt/rustwide/target" "-e" "CARGO_INCREMENTAL=0" "-e" "RUST_BACKTRACE=full" "-e" "RUSTFLAGS=--cap-lints=forbid" "-e" "CARGO_HOME=/opt/rustwide/cargo-home" "-e" "RUSTUP_HOME=/opt/rustwide/rustup-home" "-w" "/opt/rustwide/workdir" "-m" "1610612736" "--user" "0:0" "--network" "none" "rustops/crates-build-env@sha256:d92eaeed33fa75130ca1ee6c8a01d1ffb62bac859dfdfb3450e3e5d1c0146529" "/opt/rustwide/cargo-home/bin/cargo" "+72f88fc4e9458f89516a0b8b0868f3718aec5b47" "check" "--frozen" "--all" "--all-targets" "--message-format=json", kill_on_drop: false }`
[INFO] [stdout] b7b17a00406767b2030585fe4d4071825c70254d5938a8590f8dce3d8ba8f49b
[INFO] [stderr] WARNING: Your kernel does not support swap limit capabilities or the cgroup is not mounted. Memory limited without swap.
[INFO] running `Command { std: "docker" "start" "-a" "b7b17a00406767b2030585fe4d4071825c70254d5938a8590f8dce3d8ba8f49b", kill_on_drop: false }`
[INFO] [stderr]    Compiling version_check v0.1.5
[INFO] [stderr]    Compiling log v0.4.11
[INFO] [stderr]    Compiling getrandom v0.1.15
[INFO] [stderr]    Compiling byteorder v1.3.4
[INFO] [stderr]     Checking traitobject v0.1.0
[INFO] [stderr]     Checking percent-encoding v1.0.1
[INFO] [stderr]     Checking ppv-lite86 v0.2.9
[INFO] [stderr]     Checking safemem v0.3.3
[INFO] [stderr]     Checking typeable v0.1.2
[INFO] [stderr]     Checking language-tags v0.2.2
[INFO] [stderr]     Checking ahash v0.3.8
[INFO] [stderr]     Checking modifier v0.1.0
[INFO] [stderr]     Checking bufstream v0.1.4
[INFO] [stderr]     Checking sequence_trie v0.3.6
[INFO] [stderr]     Checking route-recognizer v0.1.13
[INFO] [stderr]     Checking hex v0.2.0
[INFO] [stderr]    Compiling hashbrown v0.7.2
[INFO] [stderr]     Checking unsafe-any v0.4.2
[INFO] [stderr]     Checking idna v0.1.5
[INFO] [stderr]    Compiling rand v0.4.6
[INFO] [stderr]     Checking typemap v0.3.3
[INFO] [stderr]     Checking plugin v0.2.6
[INFO] [stderr]    Compiling unicase v1.4.2
[INFO] [stderr]     Checking rand_core v0.5.1
[INFO] [stderr]     Checking log v0.3.9
[INFO] [stderr]     Checking url v1.7.2
[INFO] [stderr]    Compiling phf_shared v0.7.15
[INFO] [stderr]     Checking phf v0.7.15
[INFO] [stderr]     Checking mime v0.2.6
[INFO] [stderr]     Checking base64 v0.9.3
[INFO] [stderr]    Compiling rand v0.3.23
[INFO] [stderr]    Compiling phf_generator v0.7.15
[INFO] [stderr]     Checking rand_chacha v0.2.2
[INFO] [stderr]     Checking postgres v0.11.12
[INFO] [stderr]    Compiling phf_codegen v0.7.15
[INFO] [stderr]    Compiling mime_guess v1.8.8
[INFO] [stderr]     Checking rand v0.7.3
[INFO] [stderr]     Checking hyper v0.10.16
[INFO] [stderr]     Checking dlv-list v0.2.2
[INFO] [stderr]     Checking ordered-multimap v0.2.4
[INFO] [stderr]     Checking rust-ini v0.15.3
[INFO] [stderr]     Checking iron v0.6.1
[INFO] [stderr]     Checking mount v0.4.0
[INFO] [stderr]     Checking router v0.6.0
[INFO] [stderr]     Checking geohelper v0.1.0 (/opt/rustwide/workdir)
[INFO] [stdout] warning: unused import: `application::Application`
[INFO] [stdout]  --> src/controller.rs:5:5
[INFO] [stdout]   |
[INFO] [stdout] 5 | use application::Application;
[INFO] [stdout]   |     ^^^^^^^^^^^^^^^^^^^^^^^^
[INFO] [stdout]   |
[INFO] [stdout]   = note: `#[warn(unused_imports)]` on by default
[INFO] [stdout] 
[INFO] [stdout] 
[INFO] [stdout] warning: unused import: `model`
[INFO] [stdout]  --> src/controller.rs:6:5
[INFO] [stdout]   |
[INFO] [stdout] 6 | use model;
[INFO] [stdout]   |     ^^^^^
[INFO] [stdout] 
[INFO] [stdout] 
[INFO] [stdout] warning: unused import: `std::sync::Mutex`
[INFO] [stdout]  --> src/controller.rs:7:5
[INFO] [stdout]   |
[INFO] [stdout] 7 | use std::sync::Mutex;
[INFO] [stdout]   |     ^^^^^^^^^^^^^^^^
[INFO] [stdout] 
[INFO] [stdout] 
[INFO] [stdout] warning: unused import: `self::postgres::Connection`
[INFO] [stdout]   --> src/controller.rs:11:5
[INFO] [stdout]    |
[INFO] [stdout] 11 | use self::postgres::Connection;
[INFO] [stdout]    |     ^^^^^^^^^^^^^^^^^^^^^^^^^^
[INFO] [stdout] 
[INFO] [stdout] 
[INFO] [stdout] warning: unused import: `self::rustc_serialize::json`
[INFO] [stdout]   --> src/controller.rs:12:5
[INFO] [stdout]    |
[INFO] [stdout] 12 | use self::rustc_serialize::json;
[INFO] [stdout]    |     ^^^^^^^^^^^^^^^^^^^^^^^^^^^
[INFO] [stdout] 
[INFO] [stdout] 
[INFO] [stdout] warning: unused import: `controller`
[INFO] [stdout]   --> src/application.rs:10:5
[INFO] [stdout]    |
[INFO] [stdout] 10 | use controller;
[INFO] [stdout]    |     ^^^^^^^^^^
[INFO] [stdout] 
[INFO] [stdout] 
[INFO] [stdout] warning: unused import: `db::Database`
[INFO] [stdout]   --> src/main.rs:14:5
[INFO] [stdout]    |
[INFO] [stdout] 14 | use db::Database;
[INFO] [stdout]    |     ^^^^^^^^^^^^
[INFO] [stdout] 
[INFO] [stdout] 
[INFO] [stdout] warning: unused imports: `Arc`, `Mutex`
[INFO] [stdout]   --> src/main.rs:15:17
[INFO] [stdout]    |
[INFO] [stdout] 15 | use std::sync::{Arc, Mutex};
[INFO] [stdout]    |                 ^^^  ^^^^^
[INFO] [stdout] 
[INFO] [stdout] 
[INFO] [stdout] warning: unused import: `application::Application`
[INFO] [stdout]  --> src/controller.rs:5:5
[INFO] [stdout]   |
[INFO] [stdout] 5 | use application::Application;
[INFO] [stdout]   |     ^^^^^^^^^^^^^^^^^^^^^^^^
[INFO] [stdout]   |
[INFO] [stdout]   = note: `#[warn(unused_imports)]` on by default
[INFO] [stdout] 
[INFO] [stdout] 
[INFO] [stdout] warning: unused import: `model`
[INFO] [stdout]  --> src/controller.rs:6:5
[INFO] [stdout]   |
[INFO] [stdout] 6 | use model;
[INFO] [stdout]   |     ^^^^^
[INFO] [stdout] 
[INFO] [stdout] 
[INFO] [stdout] warning: unused import: `std::sync::Mutex`
[INFO] [stdout]  --> src/controller.rs:7:5
[INFO] [stdout]   |
[INFO] [stdout] 7 | use std::sync::Mutex;
[INFO] [stdout]   |     ^^^^^^^^^^^^^^^^
[INFO] [stdout] 
[INFO] [stdout] 
[INFO] [stdout] warning: unused import: `self::postgres::Connection`
[INFO] [stdout]   --> src/controller.rs:11:5
[INFO] [stdout]    |
[INFO] [stdout] 11 | use self::postgres::Connection;
[INFO] [stdout]    |     ^^^^^^^^^^^^^^^^^^^^^^^^^^
[INFO] [stdout] 
[INFO] [stdout] 
[INFO] [stdout] warning: unused import: `self::rustc_serialize::json`
[INFO] [stdout]   --> src/controller.rs:12:5
[INFO] [stdout]    |
[INFO] [stdout] 12 | use self::rustc_serialize::json;
[INFO] [stdout]    |     ^^^^^^^^^^^^^^^^^^^^^^^^^^^
[INFO] [stdout] 
[INFO] [stdout] 
[INFO] [stdout] warning: unused import: `controller`
[INFO] [stdout]   --> src/application.rs:10:5
[INFO] [stdout]    |
[INFO] [stdout] 10 | use controller;
[INFO] [stdout]    |     ^^^^^^^^^^
[INFO] [stdout] 
[INFO] [stdout] 
[INFO] [stdout] warning: unused import: `db::Database`
[INFO] [stdout]   --> src/main.rs:14:5
[INFO] [stdout]    |
[INFO] [stdout] 14 | use db::Database;
[INFO] [stdout]    |     ^^^^^^^^^^^^
[INFO] [stdout] 
[INFO] [stdout] 
[INFO] [stdout] warning: unused imports: `Arc`, `Mutex`
[INFO] [stdout]   --> src/main.rs:15:17
[INFO] [stdout]    |
[INFO] [stdout] 15 | use std::sync::{Arc, Mutex};
[INFO] [stdout]    |                 ^^^  ^^^^^
[INFO] [stdout] 
[INFO] [stdout] 
[INFO] [stdout] error[E0061]: this function takes 3 arguments but 2 arguments were supplied
[INFO] [stdout]   --> src/main.rs:30:16
[INFO] [stdout]    |
[INFO] [stdout] 30 |           router.get("countries",
[INFO] [stdout]    |                  ^^^ -----------
[INFO] [stdout]    |                  |
[INFO] [stdout]    |                  expected 3 arguments
[INFO] [stdout] 31 | /             move |request: &mut Request|
[INFO] [stdout] 32 | |             controller::get_country_list_action(request));
[INFO] [stdout]    | |________________________________________________________- supplied 2 arguments
[INFO] [stdout] 
[INFO] [stdout] 
[INFO] [stdout] error[E0061]: this function takes 3 arguments but 2 arguments were supplied
[INFO] [stdout]   --> src/main.rs:30:16
[INFO] [stdout]    |
[INFO] [stdout] 30 |           router.get("countries",
[INFO] [stdout]    |                  ^^^ -----------
[INFO] [stdout]    |                  |
[INFO] [stdout]    |                  expected 3 arguments
[INFO] [stdout] 31 | /             move |request: &mut Request|
[INFO] [stdout] 32 | |             controller::get_country_list_action(request));
[INFO] [stdout]    | |________________________________________________________- supplied 2 arguments
[INFO] [stdout] 
[INFO] [stdout] 
[INFO] [stdout] warning: use of deprecated associated function `iron::Url::into_generic_url`: use `into` from the `Into` trait instead
[INFO] [stdout]   --> src/application.rs:51:39
[INFO] [stdout]    |
[INFO] [stdout] 51 |         let url = request.url.clone().into_generic_url();
[INFO] [stdout]    |                                       ^^^^^^^^^^^^^^^^
[INFO] [stdout]    |
[INFO] [stdout]    = note: `#[warn(deprecated)]` on by default
[INFO] [stdout] 
[INFO] [stdout] 
[INFO] [stdout] warning: use of deprecated associated function `iron::Url::into_generic_url`: use `into` from the `Into` trait instead
[INFO] [stdout]   --> src/application.rs:51:39
[INFO] [stdout]    |
[INFO] [stdout] 51 |         let url = request.url.clone().into_generic_url();
[INFO] [stdout]    |                                       ^^^^^^^^^^^^^^^^
[INFO] [stdout]    |
[INFO] [stdout]    = note: `#[warn(deprecated)]` on by default
[INFO] [stdout] 
[INFO] [stdout] 
[INFO] [stdout] error[E0599]: no method named `unwrap_or` found for struct `iron::url::form_urlencoded::Parse<'_>` in the current scope
[INFO] [stdout]   --> src/application.rs:52:39
[INFO] [stdout]    |
[INFO] [stdout] 52 |         let query = url.query_pairs().unwrap_or(vec![]);
[INFO] [stdout]    |                                       ^^^^^^^^^ method not found in `iron::url::form_urlencoded::Parse<'_>`
[INFO] [stdout] 
[INFO] [stdout] 
[INFO] [stdout] error[E0277]: `&Properties` is not an iterator
[INFO] [stdout]   --> src/application.rs:90:33
[INFO] [stdout]    |
[INFO] [stdout] 90 |             for (key, value) in params.unwrap() {
[INFO] [stdout]    |                                 ^^^^^^^^^^^^^^^ `&Properties` is not an iterator
[INFO] [stdout]    |
[INFO] [stdout]    = help: the trait `Iterator` is not implemented for `&Properties`
[INFO] [stdout]    = note: required by `into_iter`
[INFO] [stdout] 
[INFO] [stdout] 
[INFO] [stdout] error[E0277]: `&Properties` is not an iterator
[INFO] [stdout]   --> src/application.rs:97:29
[INFO] [stdout]    |
[INFO] [stdout] 97 |         for (key, value) in params {
[INFO] [stdout]    |                             ^^^^^^ `&Properties` is not an iterator
[INFO] [stdout]    |
[INFO] [stdout]    = help: the trait `Iterator` is not implemented for `&Properties`
[INFO] [stdout]    = note: required by `into_iter`
[INFO] [stdout] 
[INFO] [stdout] 
[INFO] [stdout] error: aborting due to 4 previous errors; 9 warnings emitted
[INFO] [stdout] 
[INFO] [stdout] 
[INFO] [stdout] Some errors have detailed explanations: E0061, E0277, E0599.
[INFO] [stdout] 
[INFO] [stdout] For more information about an error, try `rustc --explain E0061`.
[INFO] [stdout] 
[INFO] [stdout] error[E0599]: no method named `unwrap_or` found for struct `iron::url::form_urlencoded::Parse<'_>` in the current scope
[INFO] [stdout]   --> src/application.rs:52:39
[INFO] [stdout]    |
[INFO] [stdout] 52 |         let query = url.query_pairs().unwrap_or(vec![]);
[INFO] [stdout]    |                                       ^^^^^^^^^ method not found in `iron::url::form_urlencoded::Parse<'_>`
[INFO] [stdout] 
[INFO] [stdout] 
[INFO] [stderr] error: could not compile `geohelper`.
[INFO] [stderr] 
[INFO] [stderr] To learn more, run the command again with --verbose.
[INFO] [stderr] warning: build failed, waiting for other jobs to finish...
[INFO] [stdout] error[E0277]: `&Properties` is not an iterator
[INFO] [stdout]   --> src/application.rs:90:33
[INFO] [stdout]    |
[INFO] [stdout] 90 |             for (key, value) in params.unwrap() {
[INFO] [stdout]    |                                 ^^^^^^^^^^^^^^^ `&Properties` is not an iterator
[INFO] [stdout]    |
[INFO] [stdout]    = help: the trait `Iterator` is not implemented for `&Properties`
[INFO] [stdout]    = note: required by `into_iter`
[INFO] [stdout] 
[INFO] [stdout] 
[INFO] [stdout] error[E0277]: `&Properties` is not an iterator
[INFO] [stdout]   --> src/application.rs:97:29
[INFO] [stdout]    |
[INFO] [stdout] 97 |         for (key, value) in params {
[INFO] [stdout]    |                             ^^^^^^ `&Properties` is not an iterator
[INFO] [stdout]    |
[INFO] [stdout]    = help: the trait `Iterator` is not implemented for `&Properties`
[INFO] [stdout]    = note: required by `into_iter`
[INFO] [stdout] 
[INFO] [stdout] 
[INFO] [stdout] error: aborting due to 4 previous errors; 9 warnings emitted
[INFO] [stdout] 
[INFO] [stdout] 
[INFO] [stdout] Some errors have detailed explanations: E0061, E0277, E0599.
[INFO] [stdout] 
[INFO] [stdout] For more information about an error, try `rustc --explain E0061`.
[INFO] [stdout] 
[INFO] [stderr] error: build failed
[INFO] running `Command { std: "docker" "inspect" "b7b17a00406767b2030585fe4d4071825c70254d5938a8590f8dce3d8ba8f49b", kill_on_drop: false }`
[INFO] running `Command { std: "docker" "rm" "-f" "b7b17a00406767b2030585fe4d4071825c70254d5938a8590f8dce3d8ba8f49b", kill_on_drop: false }`
[INFO] [stdout] b7b17a00406767b2030585fe4d4071825c70254d5938a8590f8dce3d8ba8f49b
